02?
3
What is the hundreds digit of 158979?
9
What is the thousands digit of 1196209?
6
What is the millions digit of 1152128?
1
What is the hundreds digit of 529521?
5
What is the tens digit of 10907130?
3
What is the units digit of 20209514?
4
What is the tens digit of 105060?
6
What is the hundreds digit of 10737620?
6
What is the thousands digit of 1166521?
6
What is the ten thousands digit of 49303?
4
What is the ten thousands digit of 402362?
0
What is the thousands digit of 121251?
1
What is the ten thousands digit of 369370?
6
What is the thousands digit of 3011016?
1
What is the ten millions digit of 19967213?
1
What is the ten thousands digit of 290362?
9
What is the hundred thousands digit of 100639?
1
What is the tens digit of 259942?
4
What is the millions digit of 1380056?
1
What is the units digit of 1294152?
2
What is the hundreds digit of 11795386?
3
What is the tens digit of 176728?
2
What is the units digit of 269643?
3
What is the tens digit of 3342919?
1
What is the millions digit of 20624247?
0
What is the hundred thousands digit of 595299?
5
What is the thousands digit of 593996?
3
What is the hundreds digit of 1230234?
2
What is the thousands digit of 210150?
0
What is the ten thousands digit of 726496?
2
What is the hundreds digit of 234056?
0
What is the thousands digit of 5401488?
1
What is the ten thousands digit of 398957?
9
What is the tens digit of 16995193?
9
What is the thousands digit of 635187?
5
What is the hundreds digit of 9315269?
2
What is the thousands digit of 1063062?
3
What is the thousands digit of 723293?
3
What is the units digit of 2863369?
9
What is the tens digit of 737484?
8
What is the thousands digit of 3149967?
9
What is the hundreds digit of 314014?
0
What is the tens digit of 126845?
4
What is the thousands digit of 834599?
4
What is the units digit of 5768390?
0
What is the thousands digit of 1582298?
2
What is the millions digit of 1742451?
1
What is the hundreds digit of 335235?
2
What is the hundred thousands digit of 560601?
5
What is the hundred thousands digit of 9052394?
0
What is the ten thousands digit of 1901093?
0
What is the ten thousands digit of 8515413?
1
What is the ten thousands digit of 4255813?
5
What is the hundreds digit of 537?
5
What is the tens digit of 606715?
1
What is the tens digit of 110050?
5
What is the millions digit of 1852513?
1
What is the thousands digit of 4048755?
8
What is the tens digit of 21799018?
1
What is the tens digit of 3238856?
5
What is the thousands digit of 1505251?
5
What is the tens digit of 279978?
7
What is the thousands digit of 175935?
5
What is the thousands digit of 4670877?
0
What is the ten thousands digit of 1531720?
3
What is the millions digit of 1153978?
1
What is the tens digit of 129257?
5
What is the units digit of 190020?
0
What is the hundred thousands digit of 1765981?
7
What is the ten thousands digit of 1077761?
7
What is the tens digit of 433965?
6
What is the hundreds digit of 2399278?
2
What is the ten thousands digit of 57030?
5
What is the hundreds digit of 71778?
7
What is the tens digit of 550003?
0
What is the units digit of 784623?
3
What is the hundreds digit of 459794?
7
What is the thousands digit of 157839?
7
What is the hundreds digit of 154971?
9
What is the tens digit of 3488431?
3
What is the units digit of 4835243?
3
What is the thousands digit of 9920781?
0
What is the thousands digit of 353567?
3
What is the millions digit of 1940524?
1
What is the units digit of 976866?
6
What is the hundreds digit of 433683?
6
What is the hundred thousands digit of 121506?
1
What is the hundred thousands digit of 836226?
8
What is the millions digit of 1002705?
1
What is the units digit of 818157?
7
What is the hundreds digit of 6184146?
1
What is the hundreds digit of 6854?
8
What is the thousands digit of 81890?
1
What is the millions digit of 13696045?
3
What is the tens digit of 62818?
1
What is the hundreds digit of 179724?
7
What is the hundreds digit of 68622?
6
What is the hundred thousands digit of 5777234?
7
What is the hundreds digit of 1223800?
8
What is the units digit of 8355518?
8
What is the units digit of 1486476?
6
What is the tens digit of 2675490?
9
What is the ten thousands digit of 7041586?
4
What is the millions digit of 13564011?
3
What is the units digit of 285114?
4
What is the units digit of 11319461?
1
What is the ten thousands digit of 2730494?
3
What is the tens digit of 334182?
8
What is the thousands digit of 5938884?
8
What is the hundreds digit of 602648?
6
What is the hundred thousands digit of 25885881?
8
What is the units digit of 265715?
5
What is the units digit of 572910?
0
What is the hundreds digit of 222387?
3
What is the ten thousands digit of 27976802?
7
What is the hundreds digit of 332292?
2
What is the ten thousands digit of 449675?
4
What is the millions digit of 9504123?
9
What is the hundred thousands digit of 364484?
3
What is the units digit of 306375?
5
What is the hundreds digit of 5293294?
2
What is the hundred thousands digit of 7016852?
0
What is the millions digit of 1456056?
1
What is the hundred thousands digit of 391264?
3
What is the thousands digit of 4890?
4
What is the units digit of 172604?
4
What is the hundred thousands digit of 40892305?
8
What is the tens digit of 26036326?
2
What is the hundreds digit of 348016?
0
What is the hundred thousands digit of 18505491?
5
What is the tens digit of 161836?
3
What is the tens digit of 2320848?
4
What is the millions digit of 11886758?
1
What is the thousands digit of 239955?
9
What is the units digit of 1947150?
0
What is the units digit of 10562526?
6
What is the millions digit of 7069188?
7
What is the tens digit of 452910?
1
What is the ten thousands digit of 574191?
7
What is the thousands digit of 1022833?
2
What is the ten thousands digit of 8195654?
9
What is the millions digit of 1570674?
1
What is the ten thousands digit of 62887?
6
What is the ten thousands digit of 4160398?
6
What is the ten millions digit of 18384638?
1
What is the hundred thousands digit of 1581564?
5
What is the thousands digit of 213984?
3
What is the hundred thousands digit of 192103?
1
What is the tens digit of 241590?
9
What is the ten thousands digit of 394312?
9
What is the tens digit of 278787?
8
What is the tens digit of 213826?
2
What is the hundred thousands digit of 3844181?
8
What is the units digit of 5075853?
3
What is the thousands digit of 70113?
0
What is the ten thousands digit of 2739404?
3
What is the units digit of 738728?
8
What is the units digit of 6423105?
5
What is the millions digit of 23249025?
3
What is the thousands digit of 908042?
8
What is the tens digit of 9568418?
1
What is the hundred thousands digit of 1465051?
4
What is the ten thousands digit of 386962?
8
What is the thousands digit of 652102?
2
What is the tens digit of 3837431?
3
What is the hundred thousands digit of 640697?
6
What is the units digit of 14119040?
0
What is the tens digit of 834765?
6
What is the hundred thousands digit of 2744080?
7
What is the units digit of 13005690?
0
What is the hundred thousands digit of 15537362?
5
What is the thousands digit of 2241435?
1
What is the ten thousands digit of 2878847?
7
What is the thousands digit of 95854?
5
What is the hundreds digit of 20679714?
7
What is the hundreds digit of 268693?
6
What is the hundred thousands digit of 5400513?
4
What is the tens digit of 499381?
8
What is the hundred thousands digit of 3855456?
8
What is the ten thousands digit of 646204?
4
What is the hundred thousands digit of 3004338?
0
What is the ten thousands digit of 37387?
3
What is the hundreds digit of 99225?
2
What is the millions digit of 1815137?
1
What is the units digit of 405236?
6
What is the ten thousands digit of 115303?
1
What is the hundreds digit of 11539554?
5
What is the thousands digit of 419099?
9
What is the hundreds digit of 4749979?
9
What is the units digit of 402548?
8
What is the units digit of 1458616?
6
What is the hundred thousands digit of 818040?
8
What is the tens digit of 764381?
8
What is the units digit of 245857?
7
What is the ten thousands digit of 282615?
8
What is the hundreds digit of 186111?
1
What is the thousands digit of 1531245?
1
What is the 